 (base 3) to base 8.
-15
6 (base 7) to base 3
20
-10020 (base 3) to base 10
-87
What is -132 (base 6) in base 14?
-40
Convert -9 (base 14) to base 4.
-21
What is -38 (base 13) in base 7?
-65
19 (base 11) to base 5
40
What is -4 (base 8) in base 6?
-4
Convert 0 (base 16) to base 9.
0
What is 4 (base 6) in base 12?
4
What is 56 (base 12) in base 5?
231
3 (base 16) to base 6
3
What is 160 (base 8) in base 9?
134
19 (base 14) to base 11
21
128 (base 10) to base 9
152
182 (base 10) to base 8
266
0 (base 16) to base 6
0
What is 14 (base 13) in base 10?
17
11 (base 4) to base 13
5
7 (base 11) to base 12
7
What is 6 (base 13) in base 16?
6
What is 46 (base 12) in base 4?
312
214 (base 5) to base 6
135
What is -32 (base 5) in base 4?
-101
Convert -454 (base 6) to base 9.
-217
What is -11 (base 4) in base 5?
-10
What is 41 (base 8) in base 13?
27
Convert 1 (base 4) to base 14.
1
Convert 11100 (base 2) to base 3.
1001
1010 (base 2) to base 12
a
What is -3 (base 10) in base 14?
-3
Convert -38 (base 15) to base 16.
-35
Convert -14 (base 11) to base 15.
-10
10 (base 2) to base 11
2
Convert 4 (base 6) to base 9.
4
Convert -71 (base 12) to base 6.
-221
What is 1e (base 16) in base 7?
42
What is -21a (base 11) in base 10?
-263
What is -14 (base 14) in base 3?
-200
What is -1 (base 9) in base 4?
-1
What is 0 (base 6) in base 3?
0
Convert 53 (base 6) to base 7.
45
Convert -11 (base 2) to base 7.
-3
Convert 11 (base 2) to base 6.
3
Convert -2 (base 16) to base 6.
-2
What is 10 (base 2) in base 9?
2
What is -5 (base 11) in base 5?
-10
Convert -1 (base 16) to base 4.
-1
Convert -3 (base 9) to base 15.
-3
Convert -7 (base 13) to base 14.
-7
Convert 4a (base 12) to base 15.
3d
What is 20 (base 4) in base 6?
12
Convert -53 (base 10) to base 11.
-49
1111 (base 3) to base 14
2c
Convert 110011 (base 2) to base 12.
43
4d (base 14) to base 4
1011
What is -14 (base 6) in base 7?
-13
Convert -123 (base 5) to base 8.
-46
What is 23 (base 9) in base 13?
18
119 (base 10) to base 9
142
What is 82 (base 9) in base 2?
1001010
Convert -1 (base 16) to base 5.
-1
What is 4 (base 6) in base 8?
4
4a (base 16) to base 12
62
-2 (base 11) to base 13
-2
Convert -45 (base 8) to base 14.
-29
9 (base 15) to base 8
11
-25 (base 11) to base 12
-23
-212 (base 7) to base 6
-255
What is 70 (base 16) in base 12?
94
-10 (base 2) to base 9
-2
What is 2 (base 15) in base 5?
2
Convert -103 (base 5) to base 13.
-22
-11011011 (base 2) to base 5
-1334
Convert 1 (base 5) to base 9.
1
Convert 10 (base 6) to base 4.
12
What is 3 (base 10) in base 16?
3
Convert 4 (base 10) to base 11.
4
What is -76 (base 8) in base 13?
-4a
What is 5 (base 10) in base 12?
5
What is -101 (base 14) in base 9?
-238
Convert -11 (base 9) to base 15.
-a
What is 2 (base 11) in base 8?
2
-1000100 (base 2) to base 7
-125
78 (base 14) to base 5
411
Convert 1 (base 6) to base 14.
1
What is 5 (base 14) in base 12?
5
What is -17 (base 14) in base 9?
-23
Convert 6 (base 16) to base 4.
12
Convert 101001 (base 2) to base 6.
105
Convert -9 (base 15) to base 8.
-11
1 (base 5) to base 13
1
What is 0 (base 9) in base 7?
0
What is 4 (base 14) in base 10?
4
What is 29 (base 13) in base 7?
50
21 (base 3) to base 10
7
Convert 4 (base 14) to base 9.
4
What is -8 (base 11) in base 10?
-8
Convert -d (base 14) to base 12.
-11
Convert 111 (base 2) to base 10.
7
What is 31 (base 4) in base 14?
d
Convert -240 (base 5) to base 10.
-70
Convert 2 (base 16) to base 5.
2
What is -2 (base 15) in base 7?
-2
What is 3 (base 16) in base 10?
3
Convert -50 (base 11) to base 12.
-47
What is 4 (base 8) in base 2?
100
Convert 413 (base 7) to base 3.
21122
-28 (base 13) to base 9
-37
Convert 30 (base 8) to base 15.
19
What is -103 (base 4) in base 10?
-19
What is -c (base 13) in base 12?
-10
-66 (base 8) to base 4
-312
-3 (base 6) to base 16
-3
-141 (base 11) to base 12
-11a
-15 (base 8) to base 5
-23
-11011 (base 2) to base 15
-1c
Convert -10010 (base 2) to base 5.
-33
-2 (base 15) to base 4
-2
-115 (base 7) to base 8
-75
-1 (base 10) to base 4
-1
What is -101 (base 2) in base 7?
-5
What is -2 (base 14) in base 11?
-2
What is 4 (base 9) in base 13?
4
Convert -34 (base 10) to base 13.
-28
Convert -5 (base 10) to base 9.
-5
What is -3 (base 6) in base 9?
-3
What is -6 (base 13) in base 7?
-6
Convert 9 (base 16) to base 12.
9
What is 2 (base 8) in base 10?
2
-1 (base 16) to base 4
-1
Convert -3c (base 14) to base 16.
-36
-5 (base 13) to base 7
-5
21001 (base 3) to base 13
118
Convert 11 (base 7) to base 15.
8
35 (base 13) to base 7
62
-13 (base 8) to base 13
-b
9 (base 14) to base 12
9
Convert -1102 (base 4) to base 9.
-101
What is -7 (base 12) in base 9?
-7
Convert -1 (base 15) to base 6.
-1
311 (base 5) to base 14
5b
What is -b (base 14) in base 8?
-13
23 (base 6) to base 7
21
What is -22 (base 4) in base 5?
-20
300 (base 4) to base 14
36
Convert -12 (base 4) to base 3.
-20
Convert 3 (base 12) to base 8.
3
What is -4 (base 10) in base 5?
-4
-3 (base 8) to base 13
-3
What is -200 (base 7) in base 12?
-82
Convert 1 (base 15) to base 2.
1
What is -c (base 14) in base 3?
-110
Convert 4 (base 10) to base 12.
4
What is -23 (base 10) in base 15?
-18
Convert 0 (base 6) to base 13.
0
Convert -31 (base 9) to base 13.
-22
43 (base 10) to base 15
2d
Convert 303 (base 5) to base 11.
71
-2 (base 3) to base 2
-10
Convert 34 (base 8) to base 11.
26
Convert 2 (base 10) to base 4.
2
Convert 5 (base 10) to base 12.
5
-102 (base 12) to base 2
-10010010
Convert -4 (base 10) to base 13.
-4
What is -2 (base 12) in base 16?
-2
10 (base 3) to base 13
3
What is -1 (base 5) in base 2?
-1
Convert -10101 (base 2) to base 5.
-41
-2 (base 6) to base 12
-2
Convert -263 (base 12) to base 10.
-363
63 (base 16) to base 4
1203
-34 (base 15) to base 10
-49
-5 (base 9) to base 11
-5
Convert 7 (base 12) to base 13.
7
What is -107 (base 9) in base 13?
-6a
Convert 2 (base 12) to base 6.
2
What is 5 (base 16) in base 3?
12
Convert -42 (base 9) to base 8.
-46
Convert 22210 (base 3) to base 9.
283
What is 38 (base 16) in base 6?
132
Convert 11110 (base 2) to base 10.
30
116 (base 8) to base 12
66
12 (base 5) to base 7
10
Convert 1222 (base 3) to base 2.
110101
What is 5 (base 8) in base 6?
5
What is -1 (base 7) in base 12?
-1
What is -5 (base 8) in base 4?
-11
7 (base 9) to base 4
13
Convert 1 (base 15) to base 14.
1
1 (base 5) to base 3
1
What is -2 (base 6) in base 2?
-10
What is 19 (base 12) in base 16?
15
Convert 2 (base 4) to base 12.
2
What is -5 (base 6) in base 15?
-5
Convert -17 (base 9) to base 5.
-31
20 (base 3) to base 9
6
What is -45 (base 14) in base 7?
-115
-11 (base 5) to base 10
-6
21 (base 4) to base 3
100
What is -19 (base 15) in base 14?
-1a
What is -30 (base 5) in base 11?
-14
-41 (base 12) to base 8
-61
2d (base 16) to base 3
1200
40 (base 15) to base 14
44
-22 (base 7) to base 2
-10000
What is -1 (base 16) in base 4?
-1
What is 5a (base 16) in base 8?
132
What is 1110 (base 3) in base 16?
27
What is 7 (base 13) in base 9?
7
-111 (base 5) to base 16
-1f
Convert 7b (base 13) to base 6.
250
3 (base 4) to base 13
3
3 (base 12) to base 8
3
What is -100020 (base 3) in base 10?
-249
What is -110110 (base 2) in base 7?
-105
What is -20 (base 8) in base 6?
-24
What is 405 (base 8) in base 7?
522
Convert -1 (base 12) to base 5.
-1
Convert 2 (base 6) to base 11.
2
Convert 6 (base 9) to base 4.
12
Convert 11 (base 15) to base 12.
14
Convert -42 (base 8) to base 13.
-28
-20201 (base 3) to base 4
-2311
Convert 8 (base 12) to base 14.
8
Convert -1 (base 8) to base 2.
-1
What is 2 (base 12) in base 2?
10
Convert 2 (base 11) to base 3.
2
-414 (base 5) to base 16
-6d
What is 6 (base 16) in base 4?
12
Convert -422 (base 5) to base 10.
-112
3 (base 7) to base 10
3
Convert -4e (base 15) to base 7.
-134
-7 (base 14) to base 16
-7
-11 (base 4) to base 7
-5
-1 (base 9) to base 8
-1
6 (base 10) to base 9
6
Convert 3 (base 4) to base 11.
3
0 (base 11) to base 15
0
What is 1a (base 13) in base 4?
113
What is 62 (base 11) in base 8?
104
-2 (base 10) to base 7
-2
Convert 3 (base 11) to base 13.
3
ac (base 13) to base 11
11a
Convert c (base 15) to base 12.
10
1 (base 7) to base 4
1
-95 (base 13) to base 7
-233
Convert 111 (base 2) to base 3.
21
What is -8 (base 16) in base 15?
-8
Convert 10 (base 2) to base 15.
2
3 (